of 1180710 and 477.
9
What is the highest common divisor of 79488 and 1824768?
3456
Calculate the greatest common divisor of 96985 and 113645.
595
What is the highest common factor of 608608 and 6552?
728
Calculate the greatest common divisor of 490172 and 938.
134
Calculate the greatest common divisor of 4089 and 468321.
87
Calculate the highest common divisor of 2782 and 486805488.
2782
What is the highest common factor of 1638 and 280391202?
1638
What is the highest common factor of 27550720 and 893246?
10762
What is the highest common divisor of 22681845 and 9?
9
Calculate the highest common divisor of 1580926 and 39616.
1238
Calculate the highest common factor of 3485 and 16143709.
41
Calculate the highest common factor of 768 and 2825216.
256
What is the greatest common factor of 19008 and 275296?
32
What is the greatest common factor of 155295 and 96271?
119
What is the highest common factor of 127 and 1281197463?
127
What is the greatest common factor of 96 and 2039005632?
96
What is the highest common factor of 32031 and 865712514?
10677
What is the greatest common factor of 10560 and 60780?
60
Calculate the highest common factor of 2164463 and 4403.
259
Calculate the highest common factor of 680 and 280077176.
136
Calculate the greatest common divisor of 39905640 and 345.
15
What is the highest common divisor of 3103592 and 16680?
1112
Calculate the greatest common divisor of 15 and 1373493.
3
Calculate the highest common factor of 909021192 and 24.
24
Calculate the highest common divisor of 1786 and 29906.
38
Calculate the highest common divisor of 338 and 4560712.
26
What is the greatest common factor of 1525 and 7486225?
1525
What is the greatest common divisor of 9693 and 943811?
359
Calculate the greatest common factor of 160 and 97168816.
16
Calculate the highest common divisor of 18 and 83975010.
6
Calculate the greatest common factor of 6948 and 38412.
36
What is the greatest common factor of 1052772 and 914494?
1162
What is the greatest common factor of 1093467178 and 12230?
2446
What is the greatest common factor of 3639512 and 8095?
1619
What is the highest common factor of 93033614 and 114?
38
What is the greatest common divisor of 53553000 and 25?
25
Calculate the greatest common factor of 10220924 and 196.
28
Calculate the greatest common factor of 8 and 311204.
4
Calculate the highest common factor of 1869802502 and 38.
38
What is the highest common divisor of 97 and 2183957?
1
What is the greatest common divisor of 779215 and 2090195?
505
Calculate the highest common factor of 1928 and 55497721.
241
What is the greatest common divisor of 1440 and 6435171?
9
What is the highest common factor of 199302 and 1576400?
1126
Calculate the highest common divisor of 85986673 and 23.
23
What is the greatest common factor of 1126 and 7469?
1
Calculate the highest common factor of 14816 and 5836.
4
What is the greatest common divisor of 18 and 2413704?
6
What is the highest common factor of 7645512 and 126?
42
What is the highest common factor of 1151577 and 168?
21
Calculate the greatest common divisor of 1314013 and 46.
23
Calculate the highest common divisor of 8730 and 5815344.
582
What is the highest common factor of 42 and 3194646?
42
Calculate the highest common factor of 183 and 4878048.
183
What is the highest common factor of 405339 and 23701?
173
What is the greatest common divisor of 96480 and 3570720?
480
Calculate the greatest common divisor of 270 and 131212590.
30
What is the greatest common divisor of 13361 and 47461?
31
Calculate the highest common factor of 2736 and 7370100.
684
What is the highest common divisor of 200489 and 9734?
157
What is the highest common divisor of 43330 and 402430470?
6190
Calculate the highest common divisor of 112 and 31434172.
28
Calculate the greatest common factor of 12949248 and 51168.
1248
Calculate the greatest common divisor of 134381 and 55913.
13
What is the highest common factor of 9610233 and 9?
3
Calculate the greatest common divisor of 402 and 1083864.
6
Calculate the greatest common factor of 9698794 and 406.
14
What is the greatest common factor of 8110 and 227800168?
1622
What is the highest common factor of 65 and 90160668?
13
What is the greatest common factor of 2555600 and 149600?
400
What is the highest common factor of 1312640 and 490?
70
Calculate the highest common factor of 10830 and 8167986.
2166
What is the highest common factor of 32206510 and 81620?
3710
Calculate the highest common factor of 72 and 44735784.
24
Calculate the highest common factor of 8374 and 363670259.
4187
What is the greatest common factor of 17500 and 69240500?
3500
What is the greatest common factor of 10376934 and 142?
142
Calculate the greatest common factor of 345562 and 1582.
14
Calculate the greatest common divisor of 107246903 and 16213.
523
What is the highest common divisor of 150146 and 302321?
2029
Calculate the highest common divisor of 12342 and 23429604.
1122
Calculate the greatest common factor of 726332803 and 85.
17
Calculate the highest common divisor of 250 and 4558530.
10
What is the greatest common divisor of 72 and 4554630?
18
What is the greatest common divisor of 245312 and 27640?
8
Calculate the highest common divisor of 1328519 and 14701.
61
What is the highest common factor of 5280 and 15614720?
1760
Calculate the greatest common divisor of 10734990 and 651.
651
Calculate the highest common factor of 4188 and 66587804.
1396
Calculate the greatest common divisor of 11389033 and 371803.
2281
Calculate the highest common factor of 244506214 and 332.
166
Calculate the greatest common factor of 570 and 2073774.
114
Calculate the greatest common divisor of 7264852 and 644.
28
Calculate the greatest common factor of 364620606 and 906.
906
Calculate the highest common factor of 2115 and 1508418.
423
What is the highest common factor of 1300 and 14377610?
130
What is the greatest common factor of 23900 and 153986744?
956
What is the highest common factor of 13599 and 31907787?
4533
Calculate the highest common divisor of 37173024 and 666.
18
Calculate the greatest common divisor of 417054 and 531435.
213
Calculate the greatest common factor of 4394970 and 187530.
1410
What is the highest common factor of 14381220 and 64020?
5820
What is the greatest common factor of 38961 and 55036908?
2997
What is the highest common divisor of 885388 and 1173354?
4298
Calculate the greatest common divisor of 1029033 and 11961.
9
What is the greatest common divisor of 40155250 and 250?
250
Calculate the greatest common divisor of 626380117 and 11.
11
What is the greatest common factor of 2146114158 and 2892?
1446
Calculate the highest common factor of 6617605 and 2870.
205
Calculate the highest common factor of 2184 and 800079.
21
What is the highest common divisor of 1290 and 10533495?
645
Calculate the greatest common divisor of 377 and 26145041.
13
What is the highest common divisor of 245743386 and 1953?
651
Calculate the highest common divisor of 60400 and 3326228.
604
What is the greatest common divisor of 8647 and 4177?
1
Calculate the greatest common divisor of 204970 and 97335.
515
What is the greatest common divisor of 1000047581 and 2183?
2183
What is the greatest common divisor of 14784 and 1408?
704
Calculate the highest common factor of 28941 and 92384057.
877
What is the highest common divisor of 83046 and 199573379?
13841
What is the greatest common factor of 9 and 36677673?
9
What is the greatest common divisor of 2160 and 6197580?
540
What is the greatest common factor of 18248080 and 56?
8
Calculate the highest common factor of 3515814 and 4884.
222
What is the highest common factor of 621221 and 1290?
43
Calculate the greatest common factor of 32065100 and 3268.
172
Calculate the highest common factor of 12292629 and 59817.
471
Calculate the highest common divisor of 27 and 25738905.
3
What is the greatest common factor of 28021588 and 4?
4
What is the greatest common factor of 135 and 1469865555?
135
What is the greatest common divisor of 59 and 65346689?
59
What is the highest common factor of 9 and 666274437?
9
Calculate the highest common factor of 126658 and 10119858.
1162
Calculate the highest common divisor of 44088 and 4933848.
4008
What is the great